{"id":149,"date":"2011-08-11T17:49:03","date_gmt":"2011-08-11T15:49:03","guid":{"rendered":"http:\/\/109.73.165.49\/~barsebac\/port\/?page_id=149"},"modified":"2025-04-01T11:02:33","modified_gmt":"2025-04-01T09:02:33","slug":"om-antagningen","status":"publish","type":"page","link":"https:\/\/www.barsebacks-montessori.se\/port\/koanmalan\/om-antagningen\/","title":{"rendered":"Om-antagningen"},"content":{"rendered":"\n<div style=\"height:32px\" aria-hidden=\"true\" class=\"wp-block-spacer\"><\/div>\n\n\n\n<h4 class=\"wp-block-heading has-text-color\" style=\"color:#8b0000\">Om antagningen<\/h4>\n\n\n\n<h6 class=\"wp-block-heading has-text-color\" style=\"color:#8b0000\"><b>F\u00f6rskolan<\/b><\/h6>\n\n\n\n<p><span style=\"font-weight: 400;\">K\u00f6avgiften till f\u00f6rskolan \u00e4r 100 kr per \u00e5r. N\u00e5gra dagar efter att du skickat in din k\u00f6anm\u00e4lan f\u00e5r du ett inbetalningskort. K\u00f6platsen till f\u00f6rskolan g\u00e4ller fr\u00e5n och med att vi har mottagit din betalning \u2013 och i forts\u00e4ttningen skickar vi hem ett inbetalningskort en g\u00e5ng per \u00e5r.\u00a0<\/span><\/p>\n\n\n\n<div style=\"height:12px\" aria-hidden=\"true\" class=\"wp-block-spacer\"><\/div>\n\n\n\n<h6 class=\"wp-block-heading has-text-color\" style=\"color:#8b0000\"><b>Grundskolan&nbsp;<\/b><\/h6>\n\n\n\n<p><span style=\"font-weight: 400;\">K\u00f6 till grundskolan \u00e4r avgiftsfri. N\u00e5gra dagar efter att du skickat in din anm\u00e4lan f\u00e5r du ett mejl som bekr\u00e4ftar att ditt barn st\u00e5 i k\u00f6. F\u00f6r grundskolan g\u00e4ller k\u00f6platsen fr\u00e5n det datum d\u00e5 k\u00f6anm\u00e4lan kom in.&nbsp;<\/span><\/p>\n\n\n\n<div style=\"height:7px\" aria-hidden=\"true\" class=\"wp-block-spacer\"><\/div>\n\n\n\n<h6 class=\"wp-block-heading has-text-color\" style=\"color:#8b0000\"><b>Urvalsprinciper <\/b><span style=\"font-weight: 400;\">&nbsp;<\/span><\/h6>\n\n\n\n<p><span style=\"font-weight: 400;\">Vi tar in barn till f\u00f6rskolan och grundskolan enligt k\u00f6listan med f\u00f6ljande urvalsprinciper:<\/span><\/p>\n\n\n\n<ol class=\"wp-block-list\">\n<li><span style=\"font-weight: 400;\">Barn fr\u00e5n den egna verksamheten<\/span><\/li>\n\n\n\n<li><span style=\"font-weight: 400;\">Syskonf\u00f6rtur, det vill s\u00e4ga syskon till barn i verksamheten<\/span><\/li>\n\n\n\n<li><span style=\"font-weight: 400;\">Barn med montessoribakgrund<\/span><\/li>\n\n\n\n<li><span style=\"font-weight: 400;\">Anm\u00e4lningsdatum<\/span><\/li>\n<\/ol>\n\n\n\n<p><span style=\"font-weight: 400;\">Ut\u00f6ver detta efterstr\u00e4vas en j\u00e4mn k\u00f6ns- och \u00e5ldersf\u00f6rdelning.<\/span><\/p>\n","protected":false},"excerpt":{"rendered":"<p>Om antagningen F\u00f6rskolan K\u00f6avgiften till f\u00f6rskolan \u00e4r 100 kr per \u00e5r. N\u00e5gra dagar efter att du skickat in din k\u00f6anm\u00e4lan f\u00e5r du ett inbetalningskort. K\u00f6platsen till f\u00f6rskolan g\u00e4ller fr\u00e5n och med att vi har mottagit din betalning \u2013 och i forts\u00e4ttningen skickar vi hem ett inbetalningskort en g\u00e5ng per \u00e5r.\u00a0 Grundskolan&nbsp; K\u00f6 till grundskolan \u00e4r [&hellip;]<\/p>\n","protected":false},"author":4,"featured_media":0,"parent":84,"menu_order":1,"comment_status":"closed","ping_status":"closed","template":"","meta":{"footnotes":""},"class_list":["post-149","page","type-page","status-publish","hentry"],"_links":{"self":[{"href":"https:\/\/www.barsebacks-montessori.se\/port\/wp-json\/wp\/v2\/pages\/149","targetHints":{"allow":["GET"]}}],"collection":[{"href":"https:\/\/www.barsebacks-montessori.se\/port\/wp-json\/wp\/v2\/pages"}],"about":[{"href":"https:\/\/www.barsebacks-montessori.se\/port\/wp-json\/wp\/v2\/types\/page"}],"author":[{"embeddable":true,"href":"https:\/\/www.barsebacks-montessori.se\/port\/wp-json\/wp\/v2\/users\/4"}],"replies":[{"embeddable":true,"href":"https:\/\/www.barsebacks-montessori.se\/port\/wp-json\/wp\/v2\/comments?post=149"}],"version-history":[{"count":20,"href":"https:\/\/www.barsebacks-montessori.se\/port\/wp-json\/wp\/v2\/pages\/149\/revisions"}],"predecessor-version":[{"id":4007,"href":"https:\/\/www.barsebacks-montessori.se\/port\/wp-json\/wp\/v2\/pages\/149\/revisions\/4007"}],"up":[{"embeddable":true,"href":"https:\/\/www.barsebacks-montessori.se\/port\/wp-json\/wp\/v2\/pages\/84"}],"wp:attachment":[{"href":"https:\/\/www.barsebacks-montessori.se\/port\/wp-json\/wp\/v2\/media?parent=149"}],"curies":[{"name":"wp","href":"https:\/\/api.w.org\/{rel}","templated":true}]}}